s the remainder when 169 is divided by (-1)/1 - -7 - 1*282/(-2)?
22
Suppose 8*j + 2 = 6*j. Suppose 2*t + 3 - 11 = 0. Calculate the remainder when 1*j/(t/(-100)) is divided by 7.
4
Suppose 0 = -c + 3*r + 4668, 4*r = 5*c + 1201 - 24574. Calculate the remainder when c is divided by 146.
5
Let o = 147839 - 147794. Calculate the remainder when 24*60 - 12/6 is divided by o.
43
Let h(x) = x**3 - 6*x**2 + 5*x + 6. Let n be h(5). Let g = 12 + -4. Calculate the remainder when g is divided by (-3*2/3)/((-3)/n).
0
Let g(k) = k**2 - k + 9. Let r(t) = -14*t - 266. What is the remainder when r(-25) is divided by g(3)?
9
Let z(s) = -28*s + 233. Let i(x) = -19*x + 157. Let m(o) = -7*i(o) + 5*z(o). Calculate the remainder when 989 is divided by m(3).
44
Suppose 169*h - 28737 = -77*h - 447. Calculate the remainder when 570 is divided by h.
110
Let w(v) = -174*v - 2040. Let t be w(-12). Let h be 4/6 + 154/(-6). Let f = t + h. What is the remainder when 62 is divided by f?
16
Suppose 0 = z - 30 + 1 - 2. Calculate the remainder when 731 is divided by z.
18
Let q = 114 - 262. Let a(t) = -2*t**3 + t**2 - 10*t + 56. Let d be a(0). What is the remainder when (q/(-14))/(8/d) is divided by 19?
17
Suppose 15*a = 10*a + 2600. What is the remainder when 101 is divided by 10/4 - 1 - a/(-16)?
33
Suppose 0 = -701*c + 711*c - 10120. What is the remainder when c is divided by 127?
123
Let g(n) = -8*n + 81. Let p = -210 - -218. Calculate the remainder when 356 is divided by g(p).
16
Let g(q) = 1 - 41 - 22 - 11*q - 14. Suppose -5*z + 51 = -3*d, 5*d + 12 = 3*z - 25. Calculate the remainder when g(-9) is divided by z.
5
Let c(l) = -8*l + l**3 + 8 - 9*l**2 + l**2 - 2*l**3. Let z = 707 - 714. What is the remainder when 134 is divided by c(z)?
14
Let d = 9 + -24. Let i = 24 + d. Suppose 188*f - 75*f = -56*f + 169. Calculate the remainder when i is divided by f.
0
Let n = 3494 - 2455. Suppose -n = -9*f + 3902. What is the remainder when f is divided by 23?
20
Suppose 4*z = 5*q - 371, -2*q = -0*q - z - 149. Suppose -93 = -31*x + 68 + 180. What is the remainder when q is divided by x?
9
Let k(s) = -161*s**3 - 3*s**2 + 6*s + 8. Let h be 16/(-14) - 17/(-119). What is the remainder when k(h) is divided by 28?
20
Let n = -265 - -248. Let y = n - -134. What is the remainder when y is divided by 31?
24
Suppose l - 3*l = 2. Let d(z) = 75*z + 3. Let g be d(l). Let s = g - -86. Calculate the remainder when 53 is divided by s.
11
Let v(d) = -12*d - 117. Suppose 24*n + 2*f - 71 = 27*n, 2*n = 5*f - 51. Calculate the remainder when v(n) is divided by 9.
6
Let d = 8925 - 5687. Calculate the remainder when d is divided by 30.
28
Let i = -466 - -469. Suppose i*w = -0*w + 258. Calculate the remainder when w is divided by 34.
18
Suppose -2*u - 168*w + 164*w = -5760, 3*u - 4*w = 8650. Calculate the remainder when u is divided by 74.
70
What is the remainder when (15/(525/14)*1)/(5/2450) is divided by 82?
32
Suppose -60*t + 159*t + 171*t = 65340. Calculate the remainder when 3868 is divided by t.
238
Suppose -2*d = n - 7*d + 8, -2*d = -5*n - 132. Let q = -23 - n. Calculate the remainder when 38 is divided by q.
3
Let j(i) = 18*i**2 + i + 7. Let p be j(3). Let r = p + -121. Suppose -1 = f - 27. What is the remainder when r is divided by f?
25
Let x(b) = 14*b + 360. Calculate the remainder when x(25) is divided by 42.
38
Calculate the remainder when 32584/13 - (-18 - (-7200)/390) is divided by 37.
27
Let b = -35 + 122. Let l(i) = -35*i - 149. Let a be l(-8). Suppose 6*m - a = 133. What is the remainder when b is divided by m?
43
Suppose -75*v - 75 = -78*v. Suppose 2*d - 1280 = -784. Calculate the remainder when d is divided by v.
23
Let r be (0/(1*-2))/(-8 + 7). Suppose -238 = -x - 4*p - r*p, -x + 198 = -4*p. What is the remainder when x is divided by 75?
68
Let h(y) = -14*y**3 - 2*y**2 - 11*y - 42. Calculate the remainder when h(-3) is divided by 444/14 + (-8)/(-28).
31
Let f(q) = -4726*q - 33060. Let a = -5 - -62. Calculate the remainder when a is divided by f(-7).
13
Let f = -17 + 18. Let p be f/(0 + (-3)/(-183)). Suppose r + 1 = p. Calculate the remainder when r is divided by 13.
8
Let a(o) = -628*o - 2497. What is the remainder when 11248 is divided by a(-4)?
13
Calculate the remainder when -1 + 2 + 110 - ((0 - 2) + -5) is divided by 109.
9
Suppose -4 = -5*y - 44. Let h(x) = -2*x**2 + 12*x - 10. Let u be h(6). Let b = y - u. What is the remainder when 2 is divided by b?
0
Suppose 4*k + 499 - 23 = 0. Let t = -38 - k. What is the remainder when t is divided by ((-123)/(-6))/1 - (-19)/38?
18
Let y be 68/10 - 5/(-25). Suppose -471 + 30 = -y*m. Calculate the remainder when m is divided by 22.
19
Suppose -18*q = -16*q. Let o be q/(-13) + 4*1. Suppose i = 3*l + 18, -i - 46 = -o*i + l. What is the remainder when 57 is divided by i?
12
Let z = 49 + -52. Let b(k) = -k**3 + 2*k**2 - k - 7. Let v = -11 - -20. Calculate the remainder when b(z) is divided by v.
5
Let c(b) = -87*b - 3. Suppose -48 = 3*f - 4*r - 778, -f + 5*r + 225 = 0. Calculate the remainder when f is divided by c(-1).
82
Let c(b) be the second derivative of -b**4/12 + 7*b**3/3 - 13*b**2 + 4*b. Let w = 72 + 2. Calculate the remainder when w is divided by c(9).
17
Suppose 93 = 5*v - 667. Let c = v - 126. Calculate the remainder when 17/(-3 + (-20)/(-6)) is divided by c.
25
Let p(k) = 5*k**2 + 182*k + 1771. Calculate the remainder when 911 is divided by p(-10).
9
Let s = 249057 + -249021. Calculate the remainder when 1/((-180)/(-179) - 1) is divided by s.
35
Let n(t) = -2*t**2 - 107*t - 1134. What is the remainder when 1159 is divided by n(-20)?
129
Let q = -20019 + 20136. What is the remainder when 1177 is divided by q?
7
Let g = -723 + 723. Suppose 15*s + 13*s - 224 = g. What is the remainder when 86 is divided by s?
6
Suppose 16*o - 65690 = -47418. What is the remainder when o is divided by 1126?
16
Let t(a) = 16*a**2 - 75*a + 19. What is the remainder when 388 is divided by t(5)?
36
Let z(x) = -20 - 3*x + 20 - 43. What is the remainder when (-326)/(-8) + (-1)/(-4) is divided by z(-18)?
8
Suppose 3*d + 857 = 4*y - 70, 5*d + 1528 = y. Let s = 352 + d. Calculate the remainder when s is divided by 13.
8
Suppose 7*h + 200 = 179. Let o(n) = -n**3 - 2*n**2 - n + 6. Calculate the remainder when o(h) is divided by 5.
3
Let j = 9641 + -8914. Calculate the remainder when 3646 is divided by j.
11
Suppose 0 = k - 9 - 130. Suppose -1863 = 130*z - k*z. Calculate the remainder when z is divided by 26.
25
Suppose -2*m + 9 = 3. Suppose -174*f = -172*f - 10. Suppose -f*h + 2*a = -91, a + m*a + 12 = 0. What is the remainder when 184 is divided by h?
14
Suppose 4*y + 35 = 5*a, 2*y - 1 = -11. Suppose 0 = 2*s + z - a*z - 70, s + z - 27 = 0. What is the remainder when s is divided by 43/1118 - (-2335)/130?
13
Let h = -2783 - -2806. Calculate the remainder when 4137 is divided by h.
20
Suppose 37 = 2*y - 3*a, -3*y + 105 = -204*a + 205*a. Let w(f) = 123*f**2 - f - 1. What is the remainder when w(-1) is divided by y?
27
Let b(o) = 71*o - 6101. What is the remainder when b(121) is divided by 64?
58
Suppose 15 = 5*j, 2*a + 3*a = 3*j + 1. Suppose -2*z + 4 = -w, 0*w - a*w + 2*z = 8. Calculate the remainder when 43/w*-2*2 is divided by 15.
13
Let a = 23165 - 23145. What is the remainder when 34 is divided by a?
14
Suppose -4*b + 0*x + 1419 = x, 0 = 3*b + 3*x - 1053. What is the remainder when b is divided by 117?
5
Suppose 0 = -4*a - 0*j + 2*j + 4128, 0 = -3*a - 5*j + 3122. Calculate the remainder when a is divided by 65.
59
Let a(y) = -24*y + 26*y - 6*y - 58. Calculate the remainder when a(-22) is divided by 16.
14
Let m be (350/5)/(1/(-2)). Let t = 264 + m. What is the remainder when t is divided by ((-280)/700)/((-4)/250)?
24
Let y(t) = -t**2 + 11*t + 1. Let q = 132 + -117. What is the remainder when y(7) is divided by q?
14
Suppose -3*a + 464 = 494. What is the remainder when 57 is divided by a*(-9)/((-90)/(-16))?
9
Let s = 3808 + -3666. Calculate the remainder when s is divided by 36.
34
Let d = 2200 - 2195. Calculate the remainder when 23 is divided by d.
3
Let t(c) be the first derivative of 27 + 16*c - 5/2*c**2. What is the remainder when t(-6) is divided by 24?
22
Let i(l) = -25*l - 956. What is the remainder when 371 is divided by i(-40)?
19
Let s(g) = -g**3 - 13*g**